e z(13). Suppose 0 = -b - 6*b + k. List the prime factors of b.
2, 43
Let j(i) be the first derivative of -33*i**2/2 - 3*i + 2. Let r = -1754 - -1749. List the prime factors of j(r).
2, 3
Suppose -13*m - 65288 - 198952 = -28*m. List the prime factors of m.
2, 3, 367
Let l be (7 - 3)*(-178)/(-8). Let i = 510 - l. List the prime factors of i.
421
Suppose 34*u = 16*u - 4*u + 221188. What are the prime factors of u?
2, 11, 457
Suppose -3*k = -x - 19, -2*x + 5 = -k + 3. Let p(j) = 114*j - 55. List the prime factors of p(k).
857
List the prime factors of (-2522280)/(-72)*13/((-65)/(-3)).
21019
Suppose -3*m - 3*s + 363 = 0, 3*m + 11 = -2*s + 377. Suppose -8*n + m = 52. Suppose 8*h - 23 - n = 0. List the prime factors of h.
2
Let g(d) = 2*d**2 + 4*d + 4. Let k be g(-2). Suppose -k*z = -6*z. Suppose b = -z*b + h + 152, -2*b - h = -292. What are the prime factors of b?
2, 37
Let s be 574/70 + (-2)/(1 - -9). Suppose -s*z + 8 = -6*z. Suppose -w + z*i = w - 14, 0 = w + i - 16. What are the prime factors of w?
13
Let y(b) = -16*b - 7*b + 9 + 54*b + 30*b. Let k be y(4). Suppose 9*x - 233 = k. What are the prime factors of x?
2, 3
Let u(j) = -9*j - 69. Let k be u(-7). What are the prime factors of 1/k - (-16204)/24?
3, 5
Let b = 60400 - 38728. What are the prime factors of b?
2, 3, 7, 43
Suppose -17 = 3*v - i, -3*i - 5 = -6*v + 11*v. List the prime factors of (-1095 - (-24)/v)*-1.
3, 367
Suppose 12653 + 19197 = -14*p. Let b = 3724 + p. What are the prime factors of b?
3, 7, 23
Let d(q) = 71*q**2 - 217*q + 4099. What are the prime factors of d(21)?
30853
Suppose 5*o - 2120 = -5*r, 4*r - 2*o = -4*o + 1706. Let a = 60 + r. What are the prime factors of a?
3, 163
Suppose -3*x + g + 7 = 27, -x = 2*g + 2. List the prime factors of (1940/x)/((-20)/30) + 1.
2, 3
Let g(h) = -2*h**2 + 2*h - 2. Let w be g(2). What are the prime factors of (-18561)/(-69)*(-4)/w*3?
2, 269
Suppose 0 = -m + 4*l + 6916, 4*m - 7257 - 20332 = l. List the prime factors of m.
2, 431
Let c be (7 + -1)/((-34)/(-17)). Suppose -2*k = -c*z + 1738, 5*k - 405 = -z + 197. List the prime factors of z.
2, 3, 97
Suppose 5*x - 9 = -3*n, 0 = 2*n + 2*x - 16 + 10. What are the prime factors of (n - (-4 - 1 - 2))*16?
2, 5
Let z be 4/3 - (-12)/18. Let g(s) = 0*s + s**z + s**3 + 4 + 0 - 3*s + 4*s. List the prime factors of g(4).
2, 11
Suppose -3*j + 6 = 0, 3*j = 6*x - 3*x - 87. Suppose 0 = -7*d + 158 + x. List the prime factors of d.
3
Let y = 120 - 114. What are the prime factors of ((-20)/(-35))/(y/231)?
2, 11
Let r(o) = -508*o + 329. List the prime factors of r(-13).
3, 2311
Suppose 619300 + 31697 = -34*j + 115*j. What are the prime factors of j?
3, 19, 47
Let p(d) = 5*d - 37. Let h(x) = 3*x**2 - 12*x - 6. Let v be h(4). Let u(l) = 14*l - 110. Let r(z) = v*u(z) + 17*p(z). What are the prime factors of r(-4)?
3
Suppose 0 = 6*r - 3*p - 70936 - 20780, 0 = -p - 4. List the prime factors of r.
2, 3821
Suppose 334*d + 162401 - 30206 = 339*d. What are the prime factors of d?
3, 7, 1259
Let o = 160 + -241. Let n = -73 - o. Suppose -n*j + 12*j = 156. List the prime factors of j.
3, 13
Let u(q) = 615*q**3 + 1 - 373*q**3 + 273*q**3 - 2*q**2. What are the prime factors of u(1)?
2, 257
Let b(w) be the first derivative of -w**4/3 + 2*w**3/3 + 7*w**2 + 7. Let z(m) be the second derivative of b(m). List the prime factors of z(-4).
2, 3
What are the prime factors of (1778/(-49))/((-10)/3115)?
89, 127
Let o = 185 - 182. Suppose 0 = 2*m - w - 504, o*m - w = -6*w + 743. What are the prime factors of m?
251
Let l(g) = -190*g + 197. Let m be l(-5). Suppose 1141 - 5735 = -4*c - y, c + y = m. List the prime factors of c.
3, 383
List the prime factors of (((-56)/(-14))/((-3)/33))/(1/(-412)).
2, 11, 103
Let v(s) = -7*s**2 + 5*s + 2. Suppose 0 = -5*u + 7*u - 10. Let q(k) = -3*k**2 + 3*k + 1. Let n(o) = u*q(o) - 2*v(o). What are the prime factors of n(3)?
7
Let i(j) = -29276*j**3 - 6*j**2 + 6*j + 4. List the prime factors of i(-1).
2, 3, 271
Let c be (12/(-12))/(2 - 1). What are the prime factors of 794 - c*(-5 - -1)?
2, 5, 79
Let c(h) = -45*h + 1. Let p(v) = 135*v - 4. Let d(a) = -7*c(a) - 2*p(a). Let b be d(2). Suppose -b*f + 93*f = 512. List the prime factors of f.
2
Suppose -7*y - 3477 = -36489. Suppose 4*c + 2388 = 2*g, 2*c = 4*g + 6*c - y. What are the prime factors of g?
2, 37
Let c be 6/(-1)*(-8)/((-48)/10). Let q be (25/(-2))/((-29)/c - 3). List the prime factors of (-1349)/(-5) - (-25)/q.
2, 3, 5
Let i(s) = s**2 + 16*s - 17. Let v be i(-17). Suppose 0 = -v*k - 6*k + 1236. What are the prime factors of k?
2, 103
Suppose 2*v + 32 - 38 = 0. Suppose 0 = 8*o + v*o - 935. List the prime factors of o.
5, 17
Suppose 0 = -25*x - 1452 - 21998. List the prime factors of (-36)/(-6) + (4 - x - 5).
23, 41
Suppose -6*g + 255*g - 15180713 = -3975464. List the prime factors of g.
11, 4091
Suppose g + 2*u = 15912, -47786 = -g - 2*g + 4*u. List the prime factors of g.
2, 19, 419
Let y = 4904 + -1173. List the prime factors of y.
7, 13, 41
Suppose 13*b = 32*b - 111948. What are the prime factors of b?
2, 3, 491
Let o be (-2)/((-50)/85) - 2/5. What are the prime factors of 523 + 6/3*o/2?
2, 263
Let o = 11834 - 7470. What are the prime factors of o?
2, 1091
What are the prime factors of -6 + (-2328)/36*-81?
2, 3, 109
Suppose k = 264 - 16. Let u = 353 - k. List the prime factors of u.
3, 5, 7
Suppose -4*q + 49670 + 11332 + 4210 = 0. What are the prime factors of q?
7, 17, 137
Let a = -224 + 227. What are the prime factors of 2108/4*(12/4)/a?
17, 31
Suppose -15*r + 18*r = -3. What are the prime factors of (1393/14)/(r/(-4 + -10))?
7, 199
Let r(q) = -q**3 + 10*q**2 + 8*q - 21. Let w = 53 + -50. Suppose 0 = w*v - 12, 2*v - 11 = p - 3*v. List the prime factors of r(p).
2, 3, 11
Suppose -193*o + 3902443 = -4553625 + 1342474. What are the prime factors of o?
2, 3, 6143
Let d(j) = -j**2 - 17*j - 29. Let w be d(-15). Let f be w*5*(-4)/(-10). Suppose 5*q + 11 = -f*y - 3, 6 = -2*y - 3*q. What are the prime factors of y?
3
Let o be (-6 + 8 + -1)*-81. Let n = o + 115. List the prime factors of n.
2, 17
Suppose 37*x - 14763 - 3219 = 0. Suppose -p - 2*p = 4*u + 1089, 0 = -2*u + p - 557. Let r = x + u. List the prime factors of r.
2, 3, 5, 7
Suppose -31*f + 34018 = -36724. Suppose 13*q - 2450 = f. What are the prime factors of q?
2, 7, 13
Let j = 664 + -332. Suppose 8*m - j - 164 = 0. What are the prime factors of m?
2, 31
Suppose 92*q = 49*q + 64156. What are the prime factors of q?
2, 373
Suppose -61*w + 57*w + 2853859 = 195*w. List the prime factors of w.
14341
Let l = -3031 + 8894. List the prime factors of l.
11, 13, 41
Suppose 5*u + 0*u = -4*l + 8978, -7172 = -4*u + 2*l. Suppose 35*t = 38*t - u. List the prime factors of t.
2, 13, 23
Suppose m - 12 = -4*p - 2, 5*m = 10. What are the prime factors of p + 7205/7 + (-38)/133?
1031
Let l = 8264 + 75. Suppose l = 17*j + 2423. List the prime factors of j.
2, 3, 29
Let m = -711 - -707. What are the prime factors of 2 + -2 + m + -1 + 310?
5, 61
Suppose d + 3*i + 147 = 35, -5*i + 378 = -3*d. Let z = d + 299. Suppose 4*o - z = -2*h, -3*o + 60 = 2*h - 76. List the prime factors of o.
2, 3, 7
Suppose -3*j + 32*x - 29*x = -7620, -j = 4*x - 2565. What are the prime factors of j?
5, 509
Let l = -21 + 40. Let r be 6/5*(-8 - (-105)/10). Let j = l - r. List the prime factors of j.
2
Suppose 0 = u - 5*q - 21761, 5*u - 14*q + 12*q - 108713 = 0. What are the prime factors of u?
3, 7247
Suppose 975522 + 2736377 = 478*r - 1729175. List the prime factors of r.
11383
Let a = 3012 - 1494. Suppose a = -6*u + 4062. List the prime factors of u.
2, 53
Let j = 25681 - 7908. What are the prime factors of j?
7, 2539
Let o(a) = a**3 + 49*a**2 + 43*a - 183. What are the prime factors of o(-44)?
3, 5, 13
Suppose 35*l = 26*l + 6732. Let m = -393 + l. List the prime factors of m.
5, 71
Suppose 101*t - 555662 = 176*t - 109*t. What are the prime factors of t?
59, 277
Suppose 20 = 5*b, -4*w - b + 4*b = 80. Let g be w/4 + 4/(-3 - -19). What are the prime factors of ((-68)/6)/(g/48)?
2, 17
Let p = -3046 - -1049. Let u = -1414 - p. List the prime factors of u.
11, 53
Suppose 2 + 1 = -5*f + 3*l, -2*f = -4*l + 4. Suppose f = -2*s + j + 3008, 0*s + 1504 = s - 5*j. What are the prime factors of s?
2, 47
Let r be (-1)/7 - (220/(-70) + -2). Suppose 3*j 